 + 4, 3*g - 4*x = -6. Suppose 3*n = -g*n + 6295. Is n prime?
True
Let u = -63 + 82. Suppose 5*i = -4*g + 21, -u = -5*g + g - 3*i. Suppose 4*n - 2*b + 300 = 1934, g*n - 1638 = -2*b. Is n composite?
False
Is 0 + (-890)/(-12) - -3 - (-45)/(-270) prime?
False
Let y(x) = -367*x + 3874. Is y(-121) prime?
True
Let i be (-121)/(-17) + 4/(-34) - 4. Let j = 2 + 0. Is (-37 - j)*(-13)/i composite?
True
Suppose -5*b - 4*f - 493 + 161 = 0, 3*f = 2*b + 119. Let l = 317 + b. Is l composite?
True
Is 2/5 - 30413943/(-1505) a composite number?
True
Let x(w) be the second derivative of w**4/12 - 3*w**3 - 29*w**2/2 + 87*w. Is x(28) composite?
False
Let m = 86019 - 26672. Is m a composite number?
True
Let h be ((-56)/80*2)/((-2)/10). Suppose -4164 = -h*w + 3893. Is w prime?
True
Suppose -33121939 - 13991547 = -48*q - 5605534. Is q a prime number?
False
Let q be 59868/16 - 1/(-4). Let u = q - 2171. Is u a prime number?
True
Suppose 7*a - 310773 + 13297 = -36859. Is a a composite number?
True
Let b = 1729 + -1726. Let k = 28 + -16. Suppose -b*p = k*p - 465. Is p prime?
True
Let b(h) = 17770*h + 247. Is b(15) prime?
True
Let v = 59 - 72. Let o be (16 + v)*(-8)/(-6). Is (o*6/72)/(1/4101) a composite number?
False
Let z(r) = -6*r**3 + 18*r**2 - 12*r - 24. Let w(n) = -n**3 + 2*n**2 + 1. Let j(x) = 5*w(x) - z(x). Is j(24) prime?
True
Let u be (14/(-63)*-6)/(8/12). Suppose 0 = -4*f + 5*c + 34517, -5*f = -6*f + u*c + 8627. Is f composite?
True
Suppose 14*f = 8*f + 60. Is 4 + -8 - 14675/f*-2 composite?
True
Suppose p - 2*d = 22, 0*d = 2*p - d - 56. Suppose 6*n + 0*n = p. Suppose -3*h - 5*c = -4684, 2*c = -n*h - c + 7780. Is h a composite number?
False
Suppose 64*n - 63*n - 3 = 0. Suppose 5*d + n*m - 10 = 0, d - 4*m - 30 = -d. Suppose 0 = -d*c + c + 2252. Is c a prime number?
True
Let l(i) = -5*i**3 - 42*i**2 + 163*i - 57. Is l(-28) composite?
False
Let m(u) = 2*u**2 + 24*u + 46. Let x = -45 - -22. Let d be m(x). Suppose 5*o - d = 193. Is o composite?
False
Let w(m) = 3*m + 57. Let l be w(-18). Let d(o) = 7*o**2 - 2*o**3 + 1 - 9*o**3 + 21*o - 25*o**l. Is d(-4) a prime number?
True
Let z = 43 + -91. Let q = -36 - z. Is 2 + 3471/q + (-1)/4 composite?
True
Suppose -56*i - 10*i = -108174. Is i a composite number?
True
Suppose 5*i = 5*c - 594450, -190*c + 185*c + i = -594454. Is c composite?
False
Let w be ((-30)/9)/((-24)/(-36)). Is 2647 - ((0/(-3))/w)/1 composite?
False
Let j = -1122 + 2861. Suppose 3*l - j = 4081. Suppose 3*k - 3*m - l = -4*m, 0 = -2*k + 3*m + 1297. Is k a prime number?
True
Suppose -3587*p + 3578*p = -205749. Is p a composite number?
False
Suppose 0 = r - 4*v - 26905, -4*v = -r - 2*v + 26907. Is r a prime number?
False
Suppose 125246 = 2*g + 3*i - 75174, 4*g - 400820 = 4*i. Is g a composite number?
False
Suppose -4*l + 3*j = -12, -3*l = j + 5 - 1. Suppose l*q - 5*q = -4*a - 17585, 4*q + 5*a - 14027 = 0. Is q a prime number?
False
Is 1/(((-5794092)/(-2897052) + -2)*-1) composite?
False
Suppose -2*a + 33236 = 3*z - 19363, -5*a = 4*z - 70139. Suppose z = -5*q - 20359. Let p = 11847 + q. Is p a composite number?
True
Let p = 26 + -16. Let y(b) = -3 - 77*b - 5 + p. Is y(-1) a composite number?
False
Let z(x) be the second derivative of x**5/20 - 5*x**4/12 + x**3 - x**2 + 20*x. Let y be z(4). Is (33435/12)/5 - y/24 a prime number?
True
Is 193197*(8 - -4)/36 a prime number?
True
Suppose 0 = -2*x - 5 + 1, 0 = -3*u - 4*x - 17. Let w be 2 - 0 - (u - 105/1). Is (61/(-2))/((-5)/w) composite?
True
Let y = -18 + 240. Let w be 438/4 - 2/4. Let h = y - w. Is h prime?
True
Let h be 1/(-2) - (-135)/(-18). Let z = -6 - h. Suppose -z*c - 3*b = -89, c = 2*b + 51 - 10. Is c prime?
True
Suppose 16*k - 2175965 - 1260179 = 0. Is k a prime number?
True
Let u = -69951 - -127402. Is u a composite number?
True
Is ((-136)/20 - -4)/((-11)/6091580*8) a prime number?
False
Is (-13287744)/(-960) - 2/5 composite?
False
Let h(q) be the second derivative of 233*q**4/6 - q**3/2 + 6*q**2 + q + 4. Is h(3) prime?
False
Let v be 8*12/80*5. Suppose 3*c - 20461 = 13*x - 9*x, v = 3*x. Is c a prime number?
True
Let b(g) = -309*g + 181. Let k be b(-15). Suppose -2*z = -k + 274. Is z a prime number?
False
Let y = 1393047 + -877286. Is y a prime number?
True
Suppose 0 = 3*b + 3*b - 7300 - 593078. Is b a composite number?
True
Suppose 488*y - 504*y = -5707184. Is y a prime number?
False
Let p(z) = -5*z - 23. Let u be p(-5). Suppose -u*b - 2*v = -10384, -b + 2569 = 5*v - 2611. Is b a prime number?
False
Let j(u) = -228*u - 12. Let a be j(8). Let n = 3569 + a. Is n/5 + (-2)/(-5) prime?
True
Let y(m) = m**3 - 19*m - 24. Let l(q) = -q**2 + q + 1. Let t(p) = 5*l(p) + y(p). Is t(13) a prime number?
True
Suppose -14*q + 18*q - 8 = 0. Suppose 3*s - q*s = -3*r + 6784, -2*r - 3*s = -4511. Let h = r - 884. Is h composite?
True
Suppose -336714 = -8*o + 290014. Is o a composite number?
False
Let m(l) = l**2 + 7*l - 18. Let h be m(-9). Suppose -11*g + 0*g + 8569 = h. Is g prime?
False
Suppose -19*o + 381907 = -283378. Suppose 6*x = 39175 + o. Is x a composite number?
True
Let p(j) be the second derivative of j**3/6 - j**2 - 11*j. Let k be p(5). Suppose t = 4*m - 2*t - 596, k*t - 745 = -5*m. Is m a composite number?
False
Suppose -1062*t + 18450 = -1065*t. Is (t/16)/(-5) - (-19)/152 composite?
True
Let c(r) = r**3 + 6*r**2 + 2*r - 13. Let o be c(-5). Suppose 3*g - 618 = 5*w, o*g + 4*w - 203 = 231. Is g composite?
False
Suppose 3*c = 24, -5*i + 1206508 = -3*c - 47298. Is i a composite number?
True
Let p(m) = 1113*m**2 + 6*m - 14. Is p(5) composite?
True
Suppose 3*d - 2*d - 2*t = 1, 0 = 3*d + 2*t - 19. Is -4 + 2 - (-197 + 20/d) a prime number?
True
Let a(p) = -7*p - 39. Let b be a(-8). Let o = -3879 - -6094. Suppose -o = 12*i - b*i. Is i a composite number?
False
Let p = 218 + -147. Suppose p = -r + 1508. Is r a composite number?
True
Let l be -2 + 5839 + (-8 - -4). Let i = l + -2198. Is i a composite number?
True
Let j(a) = a**2 - 4*a - 58. Let p be j(10). Let i be 6/4 - (-2)/4. Is i*(-4 + p) - -806 a composite number?
True
Let t(v) = -236816*v**3 + 4*v**2 - 9*v + 3. Let h be t(2). Is (0 + 2)/(5 + h/378909) a composite number?
False
Suppose -540 = u + 4*u. Is 48844/6 - 36/u composite?
True
Let m = -5321 + 3299. Let j be (m/8)/(30/(-80)). Is (j - (4 - 3)) + 0 a composite number?
False
Let w(u) be the third derivative of -u**5/60 - 5*u**4/6 - 7*u**3/3 + 6*u**2. Let o be (-1)/(2 + (-99)/51). Is w(o) a prime number?
True
Suppose 5*c - 10 = -4*o - 7, -2*o + c = -19. Suppose -15175 = -h + 2*f, o*h + f = 6*h + 15178. Is h prime?
False
Suppose -2*x + 18 = -6. Suppose 0 = 3*t - 0*t - x. Suppose 5*o - 2103 = t*o. Is o composite?
True
Suppose 0 = 3*k - 5*w - 2142317, 5*k - 307289 = 2*w + 3263252. Is k a prime number?
False
Suppose 0 = -5*w - 25, -b + 5*w + 23 = 4. Is (-9)/b*(7507/3 + 5) composite?
False
Suppose 96698 = -5121*r + 5128*r. Is r a prime number?
False
Suppose 2*q + 4*r + 5 = -5, -4*q = -5*r - 45. Suppose -u = q*y - 8547, -6686 = -5*y + 5*u + 1849. Is y a prime number?
True
Let d(n) = -392*n**3 - n**2 + n - 18. Let k(s) = 784*s**3 + s**2 - 2*s + 37. Let f(a) = 5*d(a) + 3*k(a). Is f(4) composite?
False
Let i be ((40/30)/((-2)/(-201)))/2. Let p = i + -71. Is (-6 - p)/((-10)/8965) prime?
False
Suppose -4*r + 28 = 4*v, 29 = 2*r + r + 5*v. Suppose 1281 = 4*t - 3*a, -r*t - a + 525 = -426. Is t/8*(-120)/(-18) a prime number?
False
Is (-1900619)/21*48/(-28) + (-3)/(-7) composite?
False
Let k be (-7445)/(-7) - (-2 + (-144)/(-56)). Let y = 4302 - k. Is y composite?
True
Let i be (-420456)/(-168) + 4/14. Suppose 2*m - 555 - i = 0. Is m prime?
False
Let m(p) = 3*p**3 + 113*p**2 + 33*p - 156. Is m(-37) a composite number?
False
Suppose 0 = -4*g + 5*t - 33, 0 = -8*g + 5*g - t - 1. Is 1123*g/((-6)/15) prime?
False
Suppose 4*z = v + 12, 0*v - 6 = z + 2*v. Let b be 5/(-5) - (-1)/(z/6). Suppose 1867 + 1411 = b*k. Is k composite?
True
Let u be -18*-1*4*2/24. Suppose -6*b + u + 12 = 0. Is (-36 - 0)/(1/(-1)) - b a prime number?
False
Suppose -4*q = 5*r + 10 - 4, -3*r + 26 = -5*q. Suppose 0*n - 1250 = -r*n. Suppose 0 = -4*w - g + 7751, 0 = 4*w - g - 8386 + n. Is w a prime number?
False
Let x = 600763 + -312116. Is x composite?
False
Let g(f) = -26*f - 79. Let b be g(-14). Suppose -283*c + b*c - 4318 = 0. Is c a composite number?
True
Let v(y